{"id":7,"date":"2025-09-26T09:46:11","date_gmt":"2025-09-26T07:46:11","guid":{"rendered":"https:\/\/acuentadesquare.com\/?page_id=7"},"modified":"2025-10-06T13:00:14","modified_gmt":"2025-10-06T11:00:14","slug":"inicio","status":"publish","type":"page","link":"https:\/\/acuentadesquare.com\/","title":{"rendered":"inicio"},"content":{"rendered":"\t\t<div data-elementor-type=\"wp-post\" data-elementor-id=\"7\" class=\"elementor elementor-7\" data-elementor-post-type=\"page\">\n\t\t\t\t<div class=\"elementor-element elementor-element-a24ff74 e-flex e-con-boxed e-con e-parent\" data-id=\"a24ff74\" data-element_type=\"container\">\n\t\t\t\t\t<div class=\"e-con-inner\">\n\t\t<div class=\"elementor-element elementor-element-5d0f61e e-con-full e-flex e-con e-child\" data-id=\"5d0f61e\" data-element_type=\"container\">\n\t\t<div class=\"elementor-element elementor-element-4efaed2 e-con-full e-flex e-con e-child\" data-id=\"4efaed2\" data-element_type=\"container\">\n\t\t\t\t<div class=\"elementor-element elementor-element-8f60f33 elementor-widget elementor-widget-image\" data-id=\"8f60f33\" data-element_type=\"widget\" data-widget_type=\"image.default\">\n\t\t\t\t\t\t\t\t\t\t\t\t\t\t\t<img fetchpriority=\"high\" decoding=\"async\" width=\"1024\" height=\"683\" src=\"https:\/\/acuentadesquare.com\/wp-content\/uploads\/2025\/10\/1345_Salmestiza01_0174.webp\" class=\"attachment-full size-full wp-image-120\" alt=\"\" srcset=\"https:\/\/acuentadesquare.com\/wp-content\/uploads\/2025\/10\/1345_Salmestiza01_0174.webp 1024w, https:\/\/acuentadesquare.com\/wp-content\/uploads\/2025\/10\/1345_Salmestiza01_0174-300x200.webp 300w, https:\/\/acuentadesquare.com\/wp-content\/uploads\/2025\/10\/1345_Salmestiza01_0174-768x512.webp 768w\" sizes=\"(max-width: 1024px) 100vw, 1024px\" \/>\t\t\t\t\t\t\t\t\t\t\t\t\t\t\t<\/div>\n\t\t\t\t<div class=\"elementor-element elementor-element-4732bf6 elementor-widget elementor-widget-text-editor\" data-id=\"4732bf6\" data-element_type=\"widget\" data-widget_type=\"text-editor.default\">\n\t\t\t\t\t\t\t\t\t<p>\u201cUsamos Square para gestionar el equipo: fichajes, horarios y turnos, todo en un solo lugar\u201d<\/p><p><strong>Guille Cruz y Edu Catal\u00e1n, Sandwich Club, Madrid<\/strong><\/p>\t\t\t\t\t\t\t\t<\/div>\n\t\t\t\t<div class=\"elementor-element elementor-element-0ba165d elementor-mobile-align-center elementor-hidden-desktop elementor-hidden-tablet elementor-widget elementor-widget-button\" data-id=\"0ba165d\" data-element_type=\"widget\" data-widget_type=\"button.default\">\n\t\t\t\t\t\t\t\t\t\t<a class=\"elementor-button elementor-button-link elementor-size-sm\" href=\"#voucher\">\n\t\t\t\t\t\t<span class=\"elementor-button-content-wrapper\">\n\t\t\t\t\t\t\t\t\t<span class=\"elementor-button-text\">Canjea tu invitaci\u00f3n<\/span>\n\t\t\t\t\t<\/span>\n\t\t\t\t\t<\/a>\n\t\t\t\t\t\t\t\t<\/div>\n\t\t\t\t<div class=\"elementor-element elementor-element-7a939b1 elementor-widget elementor-widget-heading\" data-id=\"7a939b1\" data-element_type=\"widget\" data-widget_type=\"heading.default\">\n\t\t\t\t\t<h2 class=\"elementor-heading-title elementor-size-default\">Ven a descubrir Square en acci\u00f3n con un caf\u00e9 en Nomad Coffee<\/h2>\t\t\t\t<\/div>\n\t\t\t\t<div class=\"elementor-element elementor-element-a498450 elementor-widget elementor-widget-text-editor\" data-id=\"a498450\" data-element_type=\"widget\" data-widget_type=\"text-editor.default\">\n\t\t\t\t\t\t\t\t\t<p>Sabemos lo exigente que puede ser gestionar un restaurante. Por eso queremos invitarte a un caf\u00e9 en Nomad Coffee (Calle Bergara 10, Barcelona), donde podr\u00e1s ver Square en acci\u00f3n.<\/p><p>Olv\u00eddate del papeleo interminable, los pedidos mal apuntados o las cuentas que no cuadran. Con Square tienes un \u00fanico sistema para todo: pagos r\u00e1pidos y sin errores, gesti\u00f3n de mesas sencilla y control de inventario sin complicaciones. Y cuando todo funciona mejor, tu equipo est\u00e1 m\u00e1s contento, tus clientes tambi\u00e9n y el negocio va mucho m\u00e1s rodado.<\/p>\t\t\t\t\t\t\t\t<\/div>\n\t\t\t\t<div class=\"elementor-element elementor-element-1ac5226 elementor-widget elementor-widget-text-editor\" data-id=\"1ac5226\" data-element_type=\"widget\" data-widget_type=\"text-editor.default\">\n\t\t\t\t\t\t\t\t\t<p>M\u00e1s de 100.000 restaurantes en Europa ya conf\u00edan en Square para hacer crecer su negocio.<\/p>\t\t\t\t\t\t\t\t<\/div>\n\t\t\t\t<div class=\"elementor-element elementor-element-10c7e0c elementor-widget elementor-widget-text-editor\" data-id=\"10c7e0c\" data-element_type=\"widget\" data-widget_type=\"text-editor.default\">\n\t\t\t\t\t\t\t\t\t<p>Guille Cruz y Edu Catal\u00e1n, de Sandwich Club en Madrid, usan Square para tener control y gestionar su restaurante de forma m\u00e1s f\u00e1cil y rentable. En Nomad Coffee, lo utilizan para simplificar la gesti\u00f3n diaria y centrarse en lo que de verdad importa: ofrecer una gran experiencia a sus clientes.<\/p><p>Lo que tienen en com\u00fan con muchos otros restaurantes es que todos conf\u00edan en Square para que su negocio funcione mejor cada d\u00eda. Disfruta de tu caf\u00e9 en Nomad Coffee y podr\u00e1s ver de primera mano c\u00f3mo funciona Square y c\u00f3mo podemos ayudarte a impulsar tu negocio.<\/p>\t\t\t\t\t\t\t\t<\/div>\n\t\t<div class=\"elementor-element elementor-element-1133f7e e-con-full elementor-hidden-mobile e-flex e-con e-child\" data-id=\"1133f7e\" data-element_type=\"container\" data-settings=\"{&quot;background_background&quot;:&quot;classic&quot;}\">\n\t\t\t\t<div class=\"elementor-element elementor-element-df0b673 elementor-widget elementor-widget-image\" data-id=\"df0b673\" data-element_type=\"widget\" data-widget_type=\"image.default\">\n\t\t\t\t\t\t\t\t\t\t\t\t\t\t\t\t<a href=\"https:\/\/square.com\" target=\"_blank\">\n\t\t\t\t\t\t\t<img decoding=\"async\" width=\"735\" height=\"338\" src=\"https:\/\/acuentadesquare.com\/wp-content\/uploads\/2025\/09\/square_3.jpg\" class=\"attachment-full size-full wp-image-84\" alt=\"\" srcset=\"https:\/\/acuentadesquare.com\/wp-content\/uploads\/2025\/09\/square_3.jpg 735w, https:\/\/acuentadesquare.com\/wp-content\/uploads\/2025\/09\/square_3-300x138.jpg 300w\" sizes=\"(max-width: 735px) 100vw, 735px\" \/>\t\t\t\t\t\t\t\t<\/a>\n\t\t\t\t\t\t\t\t\t\t\t\t\t\t\t<\/div>\n\t\t\t\t<\/div>\n\t\t\t\t<\/div>\n\t\t<div class=\"elementor-element elementor-element-c1cf38b e-con-full e-flex e-con e-child\" data-id=\"c1cf38b\" data-element_type=\"container\">\n\t\t\t\t<div class=\"elementor-element elementor-element-b587250 elementor-widget elementor-widget-image\" data-id=\"b587250\" data-element_type=\"widget\" data-widget_type=\"image.default\">\n\t\t\t\t\t\t\t\t\t\t\t\t\t\t\t<img decoding=\"async\" width=\"1014\" height=\"676\" src=\"https:\/\/acuentadesquare.com\/wp-content\/uploads\/2025\/10\/1345_Jekes04_0020.webp\" class=\"attachment-full size-full wp-image-121\" alt=\"\" srcset=\"https:\/\/acuentadesquare.com\/wp-content\/uploads\/2025\/10\/1345_Jekes04_0020.webp 1014w, https:\/\/acuentadesquare.com\/wp-content\/uploads\/2025\/10\/1345_Jekes04_0020-300x200.webp 300w, https:\/\/acuentadesquare.com\/wp-content\/uploads\/2025\/10\/1345_Jekes04_0020-768x512.webp 768w\" sizes=\"(max-width: 1014px) 100vw, 1014px\" \/>\t\t\t\t\t\t\t\t\t\t\t\t\t\t\t<\/div>\n\t\t<div class=\"elementor-element elementor-element-b5b7e7a e-con-full e-flex e-con e-child\" data-id=\"b5b7e7a\" data-element_type=\"container\" id=\"voucher\" data-settings=\"{&quot;background_background&quot;:&quot;classic&quot;}\">\n\t\t\t\t<div class=\"elementor-element elementor-element-63915c1 elementor-widget elementor-widget-heading\" data-id=\"63915c1\" data-element_type=\"widget\" data-widget_type=\"heading.default\">\n\t\t\t\t\t<h3 class=\"elementor-heading-title elementor-size-default\">Canjea tu invitaci\u00f3n: caf\u00e9 con un detalle dulce por valor de 20\u20ac<\/h3>\t\t\t\t<\/div>\n\t\t\t\t<div class=\"elementor-element elementor-element-7c57834 elementor-widget elementor-widget-shortcode\" data-id=\"7c57834\" data-element_type=\"widget\" data-widget_type=\"shortcode.default\">\n\t\t\t\t\t\t\t<div class=\"elementor-shortcode\">\n<div class=\"wpcf7 no-js\" id=\"wpcf7-f10-o1\" lang=\"es-ES\" dir=\"ltr\" data-wpcf7-id=\"10\">\n<div class=\"screen-reader-response\"><p role=\"status\" aria-live=\"polite\" aria-atomic=\"true\"><\/p> <ul><\/ul><\/div>\n<form action=\"\/index.php?rest_route=%2Fwp%2Fv2%2Fpages%2F7#wpcf7-f10-o1\" method=\"post\" class=\"wpcf7-form init wpcf7-acceptance-as-validation\" aria-label=\"Formulario de contacto\" novalidate=\"novalidate\" data-status=\"init\">\n<fieldset class=\"hidden-fields-container\"><input type=\"hidden\" name=\"_wpcf7\" value=\"10\" \/><input type=\"hidden\" name=\"_wpcf7_version\" value=\"6.1.2\" \/><input type=\"hidden\" name=\"_wpcf7_locale\" value=\"es_ES\" \/><input type=\"hidden\" name=\"_wpcf7_unit_tag\" value=\"wpcf7-f10-o1\" \/><input type=\"hidden\" name=\"_wpcf7_container_post\" value=\"0\" \/><input type=\"hidden\" name=\"_wpcf7_posted_data_hash\" value=\"\" \/><input type=\"hidden\" name=\"_wpcf7_recaptcha_response\" value=\"\" \/>\n<\/fieldset>\n<p>Rellena el formulario y te enviaremos tu invitaci\u00f3n para disfrutarla en <strong>Nomad Coffee<\/strong> (Calle Bergara 10, Barcelona):\n<\/p>\n<div class=\"form-row\">\n\t<p><label>Nombre *<\/label><span class=\"wpcf7-form-control-wrap\" data-name=\"nombre\"><input size=\"40\" maxlength=\"400\" class=\"wpcf7-form-control wpcf7-text wpcf7-validates-as-required\" aria-required=\"true\" aria-invalid=\"false\" placeholder=\"\" value=\"\" type=\"text\" name=\"nombre\" \/><\/span>\n\t<\/p>\n<\/div>\n<div class=\"form-row\">\n\t<p><label>Apellidos *<\/label><span class=\"wpcf7-form-control-wrap\" data-name=\"apellidos\"><input size=\"40\" maxlength=\"400\" class=\"wpcf7-form-control wpcf7-text wpcf7-validates-as-required\" aria-required=\"true\" aria-invalid=\"false\" placeholder=\"\" value=\"\" type=\"text\" name=\"apellidos\" \/><\/span>\n\t<\/p>\n<\/div>\n<div class=\"form-row\">\n\t<p><label>Empresa *<\/label><span class=\"wpcf7-form-control-wrap\" data-name=\"empresa\"><input size=\"40\" maxlength=\"400\" class=\"wpcf7-form-control wpcf7-text wpcf7-validates-as-required\" aria-required=\"true\" aria-invalid=\"false\" placeholder=\"\" value=\"\" type=\"text\" name=\"empresa\" \/><\/span>\n\t<\/p>\n<\/div>\n<div class=\"form-row\">\n\t<p><label>Email *<\/label><span class=\"wpcf7-form-control-wrap\" data-name=\"email\"><input size=\"40\" maxlength=\"400\" class=\"wpcf7-form-control wpcf7-email wpcf7-validates-as-required wpcf7-text wpcf7-validates-as-email\" aria-required=\"true\" aria-invalid=\"false\" placeholder=\"\" value=\"\" type=\"email\" name=\"email\" \/><\/span>\n\t<\/p>\n<\/div>\n<div class=\"form-row\">\n\t<p><label>Tel\u00e9fono *<\/label><span class=\"wpcf7-form-control-wrap\" data-name=\"telefono\"><input size=\"40\" maxlength=\"400\" class=\"wpcf7-form-control wpcf7-tel wpcf7-validates-as-required wpcf7-text wpcf7-validates-as-tel\" aria-required=\"true\" aria-invalid=\"false\" placeholder=\"\" value=\"\" type=\"tel\" name=\"telefono\" \/><\/span>\n\t<\/p>\n<\/div>\n<div class=\"form-row\">\n\t<p><label>Facturaci\u00f3n anual *<\/label><span class=\"wpcf7-form-control-wrap\" data-name=\"facturacion\"><select class=\"wpcf7-form-control wpcf7-select wpcf7-validates-as-required\" aria-required=\"true\" aria-invalid=\"false\" name=\"facturacion\"><option value=\"\">\u2014Por favor elige una opci\u00f3n\u2014<\/option><option value=\"\u20ac0 - \u20ac50k\">\u20ac0 - \u20ac50k<\/option><option value=\"\u20ac50k - \u20ac100k\">\u20ac50k - \u20ac100k<\/option><option value=\"\u20ac100k - \u20ac250k\">\u20ac100k - \u20ac250k<\/option><option value=\"\u20ac250k - \u20ac500k\">\u20ac250k - \u20ac500k<\/option><option value=\"\u20ac500k - \u20ac1M\">\u20ac500k - \u20ac1M<\/option><option value=\"\u20ac1M - \u20ac5M\">\u20ac1M - \u20ac5M<\/option><option value=\"\u20ac5M - \u20ac10M\">\u20ac5M - \u20ac10M<\/option><option value=\"\u20ac10M - \u20ac20M\">\u20ac10M - \u20ac20M<\/option><option value=\"\u20ac20M - \u20ac30M\">\u20ac20M - \u20ac30M<\/option><option value=\"\u20ac30M - \u20ac50M\">\u20ac30M - \u20ac50M<\/option><option value=\"&gt; \u20ac50M\">&gt; \u20ac50M<\/option><\/select><\/span>\n\t<\/p>\n<\/div>\n<div class=\"form-checkbox\">\n\t<p><span class=\"wpcf7-form-control-wrap\" data-name=\"politica-privacidad\"><span class=\"wpcf7-form-control wpcf7-checkbox wpcf7-validates-as-required\"><span class=\"wpcf7-list-item first last\"><label><input type=\"checkbox\" name=\"politica-privacidad[]\" value=\"He le\u00eddo y acepto la Pol\u00edtica de Privacidad de Square *.\" \/><span class=\"wpcf7-list-item-label\">He le\u00eddo y acepto la Pol\u00edtica de Privacidad de Square *.<\/span><\/label><\/span><\/span><\/span>\n\t<\/p>\n<\/div>\n<div class=\"form-checkbox\">\n\t<p><span class=\"wpcf7-form-control-wrap\" data-name=\"consentimiento\"><span class=\"wpcf7-form-control wpcf7-checkbox\"><span class=\"wpcf7-list-item first last\"><label><input type=\"checkbox\" name=\"consentimiento[]\" value=\"Acepto que Square me contacte con promociones y ofertas especiales.\" \/><span class=\"wpcf7-list-item-label\">Acepto que Square me contacte con promociones y ofertas especiales.<\/span><\/label><\/span><\/span><\/span>\n\t<\/p>\n<\/div>\n<p><span class=\"wpcf7-form-control-wrap\" data-name=\"website\"><input size=\"40\" maxlength=\"400\" class=\"wpcf7-form-control wpcf7-text bt-field\" aria-invalid=\"false\" placeholder=\"\" value=\"\" type=\"text\" name=\"website\" \/><\/span>\n<\/p>\n<p><input class=\"wpcf7-form-control wpcf7-submit has-spinner\" type=\"submit\" value=\"Enviar\" \/>\n<\/p>\n<p class=\"required-note\">* Este es un campo obligatorio\n<\/p><div class=\"wpcf7-response-output\" aria-hidden=\"true\"><\/div>\n<\/form>\n<\/div>\n<\/div>\n\t\t\t\t\t\t<\/div>\n\t\t\t\t<\/div>\n\t\t<div class=\"elementor-element elementor-element-479a59a e-con-full elementor-hidden-desktop elementor-hidden-tablet e-flex e-con e-child\" data-id=\"479a59a\" data-element_type=\"container\" data-settings=\"{&quot;background_background&quot;:&quot;classic&quot;}\">\n\t\t\t\t<div class=\"elementor-element elementor-element-bb8fafb elementor-widget elementor-widget-image\" data-id=\"bb8fafb\" data-element_type=\"widget\" data-widget_type=\"image.default\">\n\t\t\t\t\t\t\t\t\t\t\t\t\t\t\t\t<a href=\"https:\/\/square.com\" target=\"_blank\">\n\t\t\t\t\t\t\t<img decoding=\"async\" width=\"735\" height=\"338\" src=\"https:\/\/acuentadesquare.com\/wp-content\/uploads\/2025\/09\/square_3.jpg\" class=\"attachment-full size-full wp-image-84\" alt=\"\" srcset=\"https:\/\/acuentadesquare.com\/wp-content\/uploads\/2025\/09\/square_3.jpg 735w, https:\/\/acuentadesquare.com\/wp-content\/uploads\/2025\/09\/square_3-300x138.jpg 300w\" sizes=\"(max-width: 735px) 100vw, 735px\" \/>\t\t\t\t\t\t\t\t<\/a>\n\t\t\t\t\t\t\t\t\t\t\t\t\t\t\t<\/div>\n\t\t\t\t<\/div>\n\t\t\t\t<\/div>\n\t\t\t\t<\/div>\n\t\t\t\t\t<\/div>\n\t\t\t\t<\/div>\n\t\t\t\t<\/div>\n\t\t","protected":false},"excerpt":{"rendered":"<p>\u201cUsamos Square para gestionar el equipo: fichajes, horarios y turnos, todo en un solo lugar\u201d Guille Cruz y Edu Catal\u00e1n, Sandwich Club, Madrid Canjea tu invitaci\u00f3n Ven a descubrir Square en acci\u00f3n con un caf\u00e9 en Nomad Coffee Sabemos lo exigente que puede ser gestionar un restaurante. Por eso queremos invitarte a un caf\u00e9 en [&hellip;]<\/p>\n","protected":false},"author":1,"featured_media":0,"parent":0,"menu_order":0,"comment_status":"closed","ping_status":"closed","template":"elementor_header_footer","meta":{"footnotes":""},"class_list":["post-7","page","type-page","status-publish","hentry"],"_links":{"self":[{"href":"https:\/\/acuentadesquare.com\/index.php?rest_route=\/wp\/v2\/pages\/7","targetHints":{"allow":["GET"]}}],"collection":[{"href":"https:\/\/acuentadesquare.com\/index.php?rest_route=\/wp\/v2\/pages"}],"about":[{"href":"https:\/\/acuentadesquare.com\/index.php?rest_route=\/wp\/v2\/types\/page"}],"author":[{"embeddable":true,"href":"https:\/\/acuentadesquare.com\/index.php?rest_route=\/wp\/v2\/users\/1"}],"replies":[{"embeddable":true,"href":"https:\/\/acuentadesquare.com\/index.php?rest_route=%2Fwp%2Fv2%2Fcomments&post=7"}],"version-history":[{"count":44,"href":"https:\/\/acuentadesquare.com\/index.php?rest_route=\/wp\/v2\/pages\/7\/revisions"}],"predecessor-version":[{"id":124,"href":"https:\/\/acuentadesquare.com\/index.php?rest_route=\/wp\/v2\/pages\/7\/revisions\/124"}],"wp:attachment":[{"href":"https:\/\/acuentadesquare.com\/index.php?rest_route=%2Fwp%2Fv2%2Fmedia&parent=7"}],"curies":[{"name":"wp","href":"https:\/\/api.w.org\/{rel}","templated":true}]}}